{"id":588,"date":"2023-08-10T23:45:54","date_gmt":"2023-08-10T23:45:54","guid":{"rendered":"https:\/\/americanmobilitycenter.com\/?page_id=588"},"modified":"2023-08-11T01:30:55","modified_gmt":"2023-08-11T01:30:55","slug":"espanol","status":"publish","type":"page","link":"https:\/\/americanmobilitycenter.com\/?page_id=588","title":{"rendered":"Espa\u00f1ol"},"content":{"rendered":"<pre class=\"tw-data-text tw-text-large tw-ta\" dir=\"ltr\" data-placeholder=\"Translation\"><span class=\"Y2IQFc\" lang=\"es\">A nuestros clientes de habla hispana\r\nEspa\u00f1ol\r\n\r\nBienvenido,\r\nSi necesita suministros urol\u00f3gicos o suministros m\u00e9dicos.\r\nPor favor, llene esta forma.<a href=\"https:\/\/americanmobilitycenter.com\/?attachment_id=591\" rel=\"attachment wp-att-591\"><img loading=\"lazy\" decoding=\"async\" class=\"aligncenter size-medium wp-image-591\" src=\"https:\/\/americanmobilitycenter.com\/wp-content\/uploads\/2023\/08\/spanishad-300x300.png\" alt=\"\" width=\"300\" height=\"300\" \/>\n<div class=\"wpcf7 no-js\" id=\"wpcf7-f594-o1\" lang=\"en\" dir=\"ltr\" data-wpcf7-id=\"594\">\n<div class=\"screen-reader-response\"><p role=\"status\" aria-live=\"polite\" aria-atomic=\"true\"><\/p> <ul><\/ul><\/div>\n<form action=\"\/index.php?rest_route=%2Fwp%2Fv2%2Fpages%2F588#wpcf7-f594-o1\" method=\"post\" class=\"wpcf7-form init\" aria-label=\"Contact form\" novalidate=\"novalidate\" data-status=\"init\">\n<fieldset class=\"hidden-fields-container\"><input type=\"hidden\" name=\"_wpcf7\" value=\"594\" \/><input type=\"hidden\" name=\"_wpcf7_version\" value=\"6.1.5\" \/><input type=\"hidden\" name=\"_wpcf7_locale\" value=\"en\" \/><input type=\"hidden\" name=\"_wpcf7_unit_tag\" value=\"wpcf7-f594-o1\" \/><input type=\"hidden\" name=\"_wpcf7_container_post\" value=\"0\" \/><input type=\"hidden\" name=\"_wpcf7_posted_data_hash\" value=\"\" \/>\n<\/fieldset>\n<p><label> Nombre<br \/>\n<span class=\"wpcf7-form-control-wrap\" data-name=\"your-name\"><input size=\"40\" maxlength=\"400\" class=\"wpcf7-form-control wpcf7-text wpcf7-validates-as-required\" autocomplete=\"name\" aria-required=\"true\" aria-invalid=\"false\" value=\"\" type=\"text\" name=\"your-name\" \/><\/span> <\/label>\n<\/p>\n<p><label> Tu correo electr\u00f3nico<br \/>\n<span class=\"wpcf7-form-control-wrap\" data-name=\"your-email\"><input size=\"40\" maxlength=\"400\" class=\"wpcf7-form-control wpcf7-email wpcf7-validates-as-required wpcf7-text wpcf7-validates-as-email\" autocomplete=\"email\" aria-required=\"true\" aria-invalid=\"false\" value=\"\" type=\"email\" name=\"your-email\" \/><\/span> <\/label>\n<\/p>\n<p><label> Necesito suministros medicos<br \/>\n<span class=\"wpcf7-form-control-wrap\" data-name=\"your-subject\"><input size=\"40\" maxlength=\"400\" class=\"wpcf7-form-control wpcf7-text wpcf7-validates-as-required\" aria-required=\"true\" aria-invalid=\"false\" value=\"\" type=\"text\" name=\"your-subject\" \/><\/span> <\/label>\n<\/p>\n<p><label> Por favor, cu\u00e9ntenos sobre los suministros que necesita.<br \/>\nCat\u00e9teres<br \/>\nCuidado de heridas<br \/>\nOstom\u00eda (optional)<br \/>\n<span class=\"wpcf7-form-control-wrap\" data-name=\"your-message\"><textarea cols=\"40\" rows=\"10\" maxlength=\"2000\" class=\"wpcf7-form-control wpcf7-textarea\" aria-invalid=\"false\" name=\"your-message\"><\/textarea><\/span> <\/label><br \/>\n<span class=\"wpcf7-form-control-wrap\" data-name=\"Nmerodetelfono\"><input size=\"40\" maxlength=\"400\" class=\"wpcf7-form-control wpcf7-tel wpcf7-text wpcf7-validates-as-tel\" aria-invalid=\"false\" value=\"\" type=\"tel\" name=\"Nmerodetelfono\" \/><\/span>\n<\/p>\n<p><input class=\"wpcf7-form-control wpcf7-submit has-spinner\" type=\"submit\" value=\"Submit\" \/>\n<\/p><p style=\"display: none !important;\" class=\"akismet-fields-container\" data-prefix=\"_wpcf7_ak_\"><label>&#916;<textarea name=\"_wpcf7_ak_hp_textarea\" cols=\"45\" rows=\"8\" maxlength=\"100\"><\/textarea><\/label><input type=\"hidden\" id=\"ak_js_1\" name=\"_wpcf7_ak_js\" value=\"108\"\/><script>document.getElementById( \"ak_js_1\" ).setAttribute( \"value\", ( new Date() ).getTime() );<\/script><\/p><div class=\"wpcf7-response-output\" aria-hidden=\"true\"><\/div>\n<\/form>\n<\/div>\n\r\n<\/a><a href=\"https:\/\/americanmobilitycenter.com\/?attachment_id=596\" rel=\"attachment wp-att-596\">Rightsspanish<\/a>\r\n\r\nSummit Services &amp; Supplies es una empresa familiar cuyo principal \r\nobjetivo es la atenci\u00f3n al cliente. Ofrecemos una l\u00ednea completa \r\nde productos, que va desde productos de urolog\u00eda hasta suministros \r\npara el cuidado de heridas e incontinencia.\r\nD\u00e9janos un mensaje aqu\u00ed o llama al 888-877-2993 \r\nFax 307-316-2910. RX Fax 855-927-3434 \r\nenv\u00edenos un correo electr\u00f3nico info@summitservicesusa.com\r\n<\/span><\/pre>\n<pre id=\"tw-target-text\" class=\"tw-data-text tw-text-large tw-ta\" dir=\"ltr\" data-placeholder=\"Translation\"><span class=\"Y2IQFc\" lang=\"es\">Creemos en la comunidad y nos enorgullecemos de nuestra integridad. Estamos autorizados y acreditados en Wyoming, Nevada, Arizona, California, Utah y muchos m\u00e1s.\r\nSomos una empresa familiar propiedad de discapacitados.<\/span><\/pre>\n","protected":false},"excerpt":{"rendered":"<p>A nuestros clientes de habla hispana Espa\u00f1ol Bienvenido, Si necesita suministros urol\u00f3gicos o suministros m\u00e9dicos. Por favor, llene esta forma. Rightsspanish Summit Services &amp; Supplies es una empresa familiar cuyo principal objetivo es la atenci\u00f3n al cliente. Ofrecemos una l\u00ednea completa de productos, que va desde productos de urolog\u00eda hasta suministros para el cuidado de&#8230;<\/p>\n","protected":false},"author":1,"featured_media":0,"parent":0,"menu_order":0,"comment_status":"closed","ping_status":"closed","template":"","meta":{"_kadence_starter_templates_imported_post":false,"_kad_post_transparent":"","_kad_post_title":"","_kad_post_layout":"","_kad_post_sidebar_id":"","_kad_post_content_style":"","_kad_post_vertical_padding":"","_kad_post_feature":"","_kad_post_feature_position":"","_kad_post_header":false,"_kad_post_footer":false,"_kad_post_classname":"","footnotes":""},"class_list":["post-588","page","type-page","status-publish","hentry"],"yoast_head":"<!-- This site is optimized with the Yoast SEO plugin v25.6 - https:\/\/yoast.com\/wordpress\/plugins\/seo\/ -->\n<title>Espa\u00f1ol - Summit Services &amp; Supplies<\/title>\n<meta name=\"robots\" content=\"index, follow, max-snippet:-1, max-image-preview:large, max-video-preview:-1\" \/>\n<link rel=\"canonical\" href=\"https:\/\/americanmobilitycenter.com\/?page_id=588\" \/>\n<meta property=\"og:locale\" content=\"en_US\" \/>\n<meta property=\"og:type\" content=\"article\" \/>\n<meta property=\"og:title\" content=\"Espa\u00f1ol - Summit Services &amp; Supplies\" \/>\n<meta property=\"og:description\" content=\"A nuestros clientes de habla hispana Espa\u00f1ol Bienvenido, Si necesita suministros urol\u00f3gicos o suministros m\u00e9dicos. Por favor, llene esta forma. Rightsspanish Summit Services &amp; Supplies es una empresa familiar cuyo principal objetivo es la atenci\u00f3n al cliente. Ofrecemos una l\u00ednea completa de productos, que va desde productos de urolog\u00eda hasta suministros para el cuidado de...\" \/>\n<meta property=\"og:url\" content=\"https:\/\/americanmobilitycenter.com\/?page_id=588\" \/>\n<meta property=\"og:site_name\" content=\"Summit Services &amp; Supplies\" \/>\n<meta property=\"article:modified_time\" content=\"2023-08-11T01:30:55+00:00\" \/>\n<meta property=\"og:image\" content=\"https:\/\/americanmobilitycenter.com\/wp-content\/uploads\/2023\/08\/spanishad-300x300.png\" \/>\n<meta name=\"twitter:card\" content=\"summary_large_image\" \/>\n<script type=\"application\/ld+json\" class=\"yoast-schema-graph\">{\"@context\":\"https:\/\/schema.org\",\"@graph\":[{\"@type\":\"WebPage\",\"@id\":\"https:\/\/americanmobilitycenter.com\/?page_id=588\",\"url\":\"https:\/\/americanmobilitycenter.com\/?page_id=588\",\"name\":\"Espa\u00f1ol - Summit Services &amp; Supplies\",\"isPartOf\":{\"@id\":\"https:\/\/americanmobilitycenter.com\/#website\"},\"primaryImageOfPage\":{\"@id\":\"https:\/\/americanmobilitycenter.com\/?page_id=588#primaryimage\"},\"image\":{\"@id\":\"https:\/\/americanmobilitycenter.com\/?page_id=588#primaryimage\"},\"thumbnailUrl\":\"https:\/\/americanmobilitycenter.com\/wp-content\/uploads\/2023\/08\/spanishad-300x300.png\",\"datePublished\":\"2023-08-10T23:45:54+00:00\",\"dateModified\":\"2023-08-11T01:30:55+00:00\",\"breadcrumb\":{\"@id\":\"https:\/\/americanmobilitycenter.com\/?page_id=588#breadcrumb\"},\"inLanguage\":\"en\",\"potentialAction\":[{\"@type\":\"ReadAction\",\"target\":[\"https:\/\/americanmobilitycenter.com\/?page_id=588\"]}]},{\"@type\":\"ImageObject\",\"inLanguage\":\"en\",\"@id\":\"https:\/\/americanmobilitycenter.com\/?page_id=588#primaryimage\",\"url\":\"https:\/\/americanmobilitycenter.com\/wp-content\/uploads\/2023\/08\/spanishad-300x300.png\",\"contentUrl\":\"https:\/\/americanmobilitycenter.com\/wp-content\/uploads\/2023\/08\/spanishad-300x300.png\"},{\"@type\":\"BreadcrumbList\",\"@id\":\"https:\/\/americanmobilitycenter.com\/?page_id=588#breadcrumb\",\"itemListElement\":[{\"@type\":\"ListItem\",\"position\":1,\"name\":\"Home\",\"item\":\"https:\/\/americanmobilitycenter.com\/\"},{\"@type\":\"ListItem\",\"position\":2,\"name\":\"Espa\u00f1ol\"}]},{\"@type\":\"WebSite\",\"@id\":\"https:\/\/americanmobilitycenter.com\/#website\",\"url\":\"https:\/\/americanmobilitycenter.com\/\",\"name\":\"Summit Services &amp; Supplies\",\"description\":\"Your Medical Supplies Wheelchairs Power &amp; Manual\",\"publisher\":{\"@id\":\"https:\/\/americanmobilitycenter.com\/#organization\"},\"potentialAction\":[{\"@type\":\"SearchAction\",\"target\":{\"@type\":\"EntryPoint\",\"urlTemplate\":\"https:\/\/americanmobilitycenter.com\/?s={search_term_string}\"},\"query-input\":{\"@type\":\"PropertyValueSpecification\",\"valueRequired\":true,\"valueName\":\"search_term_string\"}}],\"inLanguage\":\"en\"},{\"@type\":\"Organization\",\"@id\":\"https:\/\/americanmobilitycenter.com\/#organization\",\"name\":\"Summit Services &amp; Supplies\",\"url\":\"https:\/\/americanmobilitycenter.com\/\",\"logo\":{\"@type\":\"ImageObject\",\"inLanguage\":\"en\",\"@id\":\"https:\/\/americanmobilitycenter.com\/#\/schema\/logo\/image\/\",\"url\":\"https:\/\/americanmobilitycenter.com\/wp-content\/uploads\/2025\/08\/cropped-logowheelchairsummit.png\",\"contentUrl\":\"https:\/\/americanmobilitycenter.com\/wp-content\/uploads\/2025\/08\/cropped-logowheelchairsummit.png\",\"width\":500,\"height\":412,\"caption\":\"Summit Services &amp; Supplies\"},\"image\":{\"@id\":\"https:\/\/americanmobilitycenter.com\/#\/schema\/logo\/image\/\"}}]}<\/script>\n<!-- \/ Yoast SEO plugin. -->","yoast_head_json":{"title":"Espa\u00f1ol - Summit Services &amp; Supplies","robots":{"index":"index","follow":"follow","max-snippet":"max-snippet:-1","max-image-preview":"max-image-preview:large","max-video-preview":"max-video-preview:-1"},"canonical":"https:\/\/americanmobilitycenter.com\/?page_id=588","og_locale":"en_US","og_type":"article","og_title":"Espa\u00f1ol - Summit Services &amp; Supplies","og_description":"A nuestros clientes de habla hispana Espa\u00f1ol Bienvenido, Si necesita suministros urol\u00f3gicos o suministros m\u00e9dicos. Por favor, llene esta forma. Rightsspanish Summit Services &amp; Supplies es una empresa familiar cuyo principal objetivo es la atenci\u00f3n al cliente. Ofrecemos una l\u00ednea completa de productos, que va desde productos de urolog\u00eda hasta suministros para el cuidado de...","og_url":"https:\/\/americanmobilitycenter.com\/?page_id=588","og_site_name":"Summit Services &amp; Supplies","article_modified_time":"2023-08-11T01:30:55+00:00","og_image":[{"url":"https:\/\/americanmobilitycenter.com\/wp-content\/uploads\/2023\/08\/spanishad-300x300.png","type":"","width":"","height":""}],"twitter_card":"summary_large_image","schema":{"@context":"https:\/\/schema.org","@graph":[{"@type":"WebPage","@id":"https:\/\/americanmobilitycenter.com\/?page_id=588","url":"https:\/\/americanmobilitycenter.com\/?page_id=588","name":"Espa\u00f1ol - Summit Services &amp; Supplies","isPartOf":{"@id":"https:\/\/americanmobilitycenter.com\/#website"},"primaryImageOfPage":{"@id":"https:\/\/americanmobilitycenter.com\/?page_id=588#primaryimage"},"image":{"@id":"https:\/\/americanmobilitycenter.com\/?page_id=588#primaryimage"},"thumbnailUrl":"https:\/\/americanmobilitycenter.com\/wp-content\/uploads\/2023\/08\/spanishad-300x300.png","datePublished":"2023-08-10T23:45:54+00:00","dateModified":"2023-08-11T01:30:55+00:00","breadcrumb":{"@id":"https:\/\/americanmobilitycenter.com\/?page_id=588#breadcrumb"},"inLanguage":"en","potentialAction":[{"@type":"ReadAction","target":["https:\/\/americanmobilitycenter.com\/?page_id=588"]}]},{"@type":"ImageObject","inLanguage":"en","@id":"https:\/\/americanmobilitycenter.com\/?page_id=588#primaryimage","url":"https:\/\/americanmobilitycenter.com\/wp-content\/uploads\/2023\/08\/spanishad-300x300.png","contentUrl":"https:\/\/americanmobilitycenter.com\/wp-content\/uploads\/2023\/08\/spanishad-300x300.png"},{"@type":"BreadcrumbList","@id":"https:\/\/americanmobilitycenter.com\/?page_id=588#breadcrumb","itemListElement":[{"@type":"ListItem","position":1,"name":"Home","item":"https:\/\/americanmobilitycenter.com\/"},{"@type":"ListItem","position":2,"name":"Espa\u00f1ol"}]},{"@type":"WebSite","@id":"https:\/\/americanmobilitycenter.com\/#website","url":"https:\/\/americanmobilitycenter.com\/","name":"Summit Services &amp; Supplies","description":"Your Medical Supplies Wheelchairs Power &amp; Manual","publisher":{"@id":"https:\/\/americanmobilitycenter.com\/#organization"},"potentialAction":[{"@type":"SearchAction","target":{"@type":"EntryPoint","urlTemplate":"https:\/\/americanmobilitycenter.com\/?s={search_term_string}"},"query-input":{"@type":"PropertyValueSpecification","valueRequired":true,"valueName":"search_term_string"}}],"inLanguage":"en"},{"@type":"Organization","@id":"https:\/\/americanmobilitycenter.com\/#organization","name":"Summit Services &amp; Supplies","url":"https:\/\/americanmobilitycenter.com\/","logo":{"@type":"ImageObject","inLanguage":"en","@id":"https:\/\/americanmobilitycenter.com\/#\/schema\/logo\/image\/","url":"https:\/\/americanmobilitycenter.com\/wp-content\/uploads\/2025\/08\/cropped-logowheelchairsummit.png","contentUrl":"https:\/\/americanmobilitycenter.com\/wp-content\/uploads\/2025\/08\/cropped-logowheelchairsummit.png","width":500,"height":412,"caption":"Summit Services &amp; Supplies"},"image":{"@id":"https:\/\/americanmobilitycenter.com\/#\/schema\/logo\/image\/"}}]}},"_links":{"self":[{"href":"https:\/\/americanmobilitycenter.com\/index.php?rest_route=\/wp\/v2\/pages\/588","targetHints":{"allow":["GET"]}}],"collection":[{"href":"https:\/\/americanmobilitycenter.com\/index.php?rest_route=\/wp\/v2\/pages"}],"about":[{"href":"https:\/\/americanmobilitycenter.com\/index.php?rest_route=\/wp\/v2\/types\/page"}],"author":[{"embeddable":true,"href":"https:\/\/americanmobilitycenter.com\/index.php?rest_route=\/wp\/v2\/users\/1"}],"replies":[{"embeddable":true,"href":"https:\/\/americanmobilitycenter.com\/index.php?rest_route=%2Fwp%2Fv2%2Fcomments&post=588"}],"version-history":[{"count":6,"href":"https:\/\/americanmobilitycenter.com\/index.php?rest_route=\/wp\/v2\/pages\/588\/revisions"}],"predecessor-version":[{"id":601,"href":"https:\/\/americanmobilitycenter.com\/index.php?rest_route=\/wp\/v2\/pages\/588\/revisions\/601"}],"wp:attachment":[{"href":"https:\/\/americanmobilitycenter.com\/index.php?rest_route=%2Fwp%2Fv2%2Fmedia&parent=588"}],"curies":[{"name":"wp","href":"https:\/\/api.w.org\/{rel}","templated":true}]}}